{"id":3806,"date":"2025-03-15T01:58:33","date_gmt":"2025-03-15T04:58:33","guid":{"rendered":"https:\/\/www.sibari.cl\/?page_id=3806"},"modified":"2025-03-15T16:26:55","modified_gmt":"2025-03-15T19:26:55","slug":"acompanamientos-2","status":"publish","type":"page","link":"https:\/\/www.sibari.cl\/index.php\/acompanamientos-2\/","title":{"rendered":"Acompa\u00f1amientos"},"content":{"rendered":"\t\t<div data-elementor-type=\"wp-page\" data-elementor-id=\"3806\" class=\"elementor elementor-3806\" data-elementor-post-type=\"page\">\n\t\t\t\t<div class=\"elementor-element elementor-element-7832a35 e-flex e-con-boxed e-con e-parent\" data-id=\"7832a35\" data-element_type=\"container\" data-e-type=\"container\">\n\t\t\t\t\t<div class=\"e-con-inner\">\n\t\t\t\t<div class=\"elementor-element elementor-element-c8c024f elementor-widget elementor-widget-narestaurant_basic_services\" data-id=\"c8c024f\" data-element_type=\"widget\" data-e-type=\"widget\" data-settings=\"{&quot;service_image&quot;:{&quot;url&quot;:&quot;https:\\\/\\\/www.sibari.cl\\\/wp-content\\\/uploads\\\/2023\\\/08\\\/images-1.jpeg&quot;,&quot;id&quot;:3259,&quot;size&quot;:&quot;&quot;,&quot;alt&quot;:&quot;&quot;,&quot;source&quot;:&quot;library&quot;},&quot;service_bg_image&quot;:{&quot;url&quot;:&quot;&quot;,&quot;id&quot;:&quot;&quot;,&quot;size&quot;:&quot;&quot;}}\" data-widget_type=\"narestaurant_basic_services.default\">\n\t\t\t\t<div class=\"elementor-widget-container\">\n\t\t\t\t\t<div class=\"narep-service-item service-style-one icon-left service-border service-right have-img\"><div class=\"narep-image\"><img decoding=\"async\" src=\"https:\/\/www.sibari.cl\/wp-content\/uploads\/2023\/08\/images-1.jpeg\" alt=\"Porci\u00f3n de Arroz\"><\/div><div class=\"service-info\"><h3 class=\"service-title\"><a href=\"https:\/\/www.sibari.cl\/wp-content\/uploads\/2023\/08\/images-1.jpeg\"  >Porci\u00f3n de Arroz<\/a><\/h3><p>  -<\/p><\/div><\/div>\t\t\t\t<\/div>\n\t\t\t\t<\/div>\n\t\t\t\t\t<\/div>\n\t\t\t\t<\/div>\n\t\t<div class=\"elementor-element elementor-element-2bd308f e-flex e-con-boxed e-con e-parent\" data-id=\"2bd308f\" data-element_type=\"container\" data-e-type=\"container\">\n\t\t\t\t\t<div class=\"e-con-inner\">\n\t\t\t\t<div class=\"elementor-element elementor-element-0d3e14c elementor-widget elementor-widget-narestaurant_basic_services\" data-id=\"0d3e14c\" data-element_type=\"widget\" data-e-type=\"widget\" data-settings=\"{&quot;more_icon&quot;:&quot;fa fa-money&quot;,&quot;service_image&quot;:{&quot;url&quot;:&quot;https:\\\/\\\/www.sibari.cl\\\/wp-content\\\/uploads\\\/2023\\\/08\\\/pure-patatas-m.jpg.jpg&quot;,&quot;id&quot;:3257,&quot;size&quot;:&quot;&quot;,&quot;alt&quot;:&quot;Pur\\u00e9&quot;,&quot;source&quot;:&quot;library&quot;},&quot;service_bg_image&quot;:{&quot;url&quot;:&quot;&quot;,&quot;id&quot;:&quot;&quot;,&quot;size&quot;:&quot;&quot;}}\" data-widget_type=\"narestaurant_basic_services.default\">\n\t\t\t\t<div class=\"elementor-widget-container\">\n\t\t\t\t\t<div class=\"narep-service-item service-style-one icon-left service-border service-right have-img\"><div class=\"narep-image\"><img decoding=\"async\" src=\"https:\/\/www.sibari.cl\/wp-content\/uploads\/2023\/08\/pure-patatas-m.jpg.jpg\" alt=\"Porci\u00f3n de Pur\u00e9\"><\/div><div class=\"service-info\"><h3 class=\"service-title\">Porci\u00f3n de Pur\u00e9<\/h3><p>  -<\/p><a href=\"#\"   class=\"narep-link\"><span>Valor $4.000<\/span> <i class=\"fa fa-money\"><\/i><\/a><\/div><\/div>\t\t\t\t<\/div>\n\t\t\t\t<\/div>\n\t\t\t\t\t<\/div>\n\t\t\t\t<\/div>\n\t\t<div class=\"elementor-element elementor-element-d6e86bc e-flex e-con-boxed e-con e-parent\" data-id=\"d6e86bc\" data-element_type=\"container\" data-e-type=\"container\">\n\t\t\t\t\t<div class=\"e-con-inner\">\n\t\t\t\t<div class=\"elementor-element elementor-element-316dd43 elementor-widget elementor-widget-narestaurant_basic_services\" data-id=\"316dd43\" data-element_type=\"widget\" data-e-type=\"widget\" data-settings=\"{&quot;more_icon&quot;:&quot;fa fa-money&quot;,&quot;service_image&quot;:{&quot;url&quot;:&quot;https:\\\/\\\/www.sibari.cl\\\/wp-content\\\/uploads\\\/2023\\\/08\\\/papasmostazaOregano.jpg&quot;,&quot;id&quot;:3261,&quot;size&quot;:&quot;&quot;,&quot;alt&quot;:&quot;&quot;,&quot;source&quot;:&quot;library&quot;},&quot;service_bg_image&quot;:{&quot;url&quot;:&quot;&quot;,&quot;id&quot;:&quot;&quot;,&quot;size&quot;:&quot;&quot;}}\" data-widget_type=\"narestaurant_basic_services.default\">\n\t\t\t\t<div class=\"elementor-widget-container\">\n\t\t\t\t\t<div class=\"narep-service-item service-style-one icon-left service-border service-right have-img\"><div class=\"narep-image\"><img decoding=\"async\" src=\"https:\/\/www.sibari.cl\/wp-content\/uploads\/2023\/08\/papasmostazaOregano.jpg\" alt=\"Porci\u00f3n Papa Fritas\"><\/div><div class=\"service-info\"><h3 class=\"service-title\">Porci\u00f3n Papa Fritas<\/h3><p>  -<\/p><a href=\"#\"   class=\"narep-link\"><span>Valor $4.000<\/span> <i class=\"fa fa-money\"><\/i><\/a><\/div><\/div>\t\t\t\t<\/div>\n\t\t\t\t<\/div>\n\t\t\t\t\t<\/div>\n\t\t\t\t<\/div>\n\t\t<div class=\"elementor-element elementor-element-13dc1b8 e-flex e-con-boxed e-con e-parent\" data-id=\"13dc1b8\" data-element_type=\"container\" data-e-type=\"container\">\n\t\t\t\t\t<div class=\"e-con-inner\">\n\t\t\t\t<div class=\"elementor-element elementor-element-782438f elementor-widget elementor-widget-narestaurant_basic_team_single\" data-id=\"782438f\" data-element_type=\"widget\" data-e-type=\"widget\" data-settings=\"{&quot;team_image&quot;:{&quot;url&quot;:&quot;https:\\\/\\\/www.sibari.cl\\\/wp-content\\\/uploads\\\/2023\\\/08\\\/papasmostazaOregano.jpg&quot;,&quot;id&quot;:3261,&quot;size&quot;:&quot;&quot;,&quot;alt&quot;:&quot;&quot;,&quot;source&quot;:&quot;library&quot;}}\" data-widget_type=\"narestaurant_basic_team_single.default\">\n\t\t\t\t<div class=\"elementor-widget-container\">\n\t\t\t\t\t<div class=\"narep-team-single-wrap\">\n\t\t\t\t\t\t\t\t<div class=\"narep-team-single-item\">\n\t\t\t\t\t\t\t\t<div class=\"single-mate-image\"><div class=\"narep-image\"><div class=\"image-wrap\"><img decoding=\"async\" src=\"https:\/\/www.sibari.cl\/wp-content\/uploads\/2023\/08\/papasmostazaOregano.jpg\" alt=\"Papas Fritas \"><\/div><\/div><\/div>\n\t\t\t\t\t\t\t\t<div class=\"single-mate-info\">\n\t\t\t\t\t\t\t\t\t<h3 class=\"team-title\">Papas Fritas <\/h3><h5>$4.000<\/h5>\n\t\t\t\t\t\t\t\t\t<ul><li><\/li><\/ul><div class=\"narep-social rounded\"><\/div>\n\t\t\t\t\t\t\t<\/div>\n\t\t\t\t\t\t\t<\/div>\n\t\t\t\t\t\t<\/div>\t\t\t\t<\/div>\n\t\t\t\t<\/div>\n\t\t\t\t\t<\/div>\n\t\t\t\t<\/div>\n\t\t<div class=\"elementor-element elementor-element-0eb6bbc e-flex e-con-boxed e-con e-parent\" data-id=\"0eb6bbc\" data-element_type=\"container\" data-e-type=\"container\">\n\t\t\t\t\t<div class=\"e-con-inner\">\n\t\t\t\t\t<\/div>\n\t\t\t\t<\/div>\n\t\t\t\t<\/div>\n\t\t","protected":false},"excerpt":{"rendered":"<p>Porci\u00f3n de Arroz &#8211; Porci\u00f3n de Pur\u00e9 &#8211; Valor $4.000 Porci\u00f3n Papa Fritas &#8211; Valor $4.000 Papas Fritas $4.000<\/p>\n","protected":false},"author":2,"featured_media":0,"parent":0,"menu_order":0,"comment_status":"closed","ping_status":"closed","template":"","meta":{"footnotes":""},"class_list":["post-3806","page","type-page","status-publish","hentry"],"_links":{"self":[{"href":"https:\/\/www.sibari.cl\/index.php\/wp-json\/wp\/v2\/pages\/3806","targetHints":{"allow":["GET"]}}],"collection":[{"href":"https:\/\/www.sibari.cl\/index.php\/wp-json\/wp\/v2\/pages"}],"about":[{"href":"https:\/\/www.sibari.cl\/index.php\/wp-json\/wp\/v2\/types\/page"}],"author":[{"embeddable":true,"href":"https:\/\/www.sibari.cl\/index.php\/wp-json\/wp\/v2\/users\/2"}],"replies":[{"embeddable":true,"href":"https:\/\/www.sibari.cl\/index.php\/wp-json\/wp\/v2\/comments?post=3806"}],"version-history":[{"count":82,"href":"https:\/\/www.sibari.cl\/index.php\/wp-json\/wp\/v2\/pages\/3806\/revisions"}],"predecessor-version":[{"id":3901,"href":"https:\/\/www.sibari.cl\/index.php\/wp-json\/wp\/v2\/pages\/3806\/revisions\/3901"}],"wp:attachment":[{"href":"https:\/\/www.sibari.cl\/index.php\/wp-json\/wp\/v2\/media?parent=3806"}],"curies":[{"name":"wp","href":"https:\/\/api.w.org\/{rel}","templated":true}]}}